
Let w(f) = -f**2 - 4*f - 1. Let p be w(-3). Suppose q - 2*i - 27 + p = 0, 4*q + 2*i - 60 = 0. Let t = q + 23. What is the tens digit of t?
4
Suppose -9 - 3 = 3*t. What is the tens digit of 20/(1/t - (-2)/4)?
8
Suppose -g + n = -5649, -3*g + 7*n = 2*n - 16953. What is the hundreds digit of g?
6
Let v = 3376 - 2384. What is the units digit of v?
2
Suppose 0 = -0*z + 2*z + 2. Let j = 8 + z. Let s(a) = -a**3 + 7*a**2 + 5*a - 4. What is the tens digit of s(j)?
3
Let d(x) = -x**2 + 3. Let w be d(0). Suppose 16 = -w*r + 103. Suppose 91 = 5*z - r. What is the units digit of z?
4
Suppose -24 = -3*c - 6. Suppose 0 = c*m - 4*m. Suppose m = -f + 2*f - 45. What is the tens digit of f?
4
What is the tens digit of (-498)/1245 + 0 + 7164/10?
1
Suppose f + 77 = 2*f. What is the tens digit of f?
7
Suppose 2*k - 4*l = -3*k + 2159, -2160 = -5*k + 5*l. What is the tens digit of k?
3
What is the tens digit of (274/(-6))/(8288/(-552) + 15)?
5
Let t = 105 + -35. Suppose -2*o - t = -486. What is the tens digit of o?
0
Let b(n) = -2*n**2 - 19*n - 24. Let l be b(-12). Let s = -73 - l. What is the tens digit of s?
1
Let b = -822 + 3964. What is the units digit of b?
2
Suppose 0 = -5*x - 4*i + 4093, 7*x - 6*x + 3*i = 823. What is the tens digit of x?
1
Let q = 46 + -62. What is the hundreds digit of ((-721)/(-28))/((-4)/q)?
1
Let n(i) = -7*i - 44. Let x be n(-7). Suppose 0 = 5*t - x*k - 125, -t + 12 = 3*k - 1. What is the tens digit of t?
2
Let n = -135 - -229. Suppose -3*d + r + 92 = -n, 0 = -4*r + 12. What is the units digit of d?
3
Suppose 0 = 5*b - 4000 - 4050. What is the tens digit of b?
1
Let y(v) = v - 3. Let t be y(6). Let l be (8/6)/((-2)/t). What is the units digit of 21/(-18)*l*3?
7
Let m = -344 + 396. What is the units digit of m?
2
Suppose 21504 = -10*a + 22*a. What is the hundreds digit of a?
7
Suppose 3*d = -2*h + 32, 3*d + 5*h - 27 = 2*h. What is the tens digit of 2/4 + (-49)/d + 90?
8
Let u(z) be the third derivative of 19*z**5/60 - z**4/6 - z**3/2 + 9*z**2. What is the tens digit of u(2)?
6
What is the hundreds digit of ((-13016)/(-4))/(-7 + 9)?
6
What is the units digit of 288/(-36) + 3908 + 0?
0
Suppose -4*k + m = 5, -4*k + 0*k + 20 = 4*m. Suppose -5*t - 3*d + 811 = k, -4*t = -0*d + 3*d - 650. Suppose 4*r + 17 = t. What is the tens digit of r?
3
Let d(w) = 28 - 4*w + 7*w - 4*w + 4*w. What is the units digit of d(-8)?
4
Let q(j) = -j**3 - 2*j**2 + 3*j - 2. Let d be q(-4). Let n be 1/(-3) + 78/d. What is the units digit of -1 - -5 - (-1 + n)?
1
Suppose -75342 + 13038 = -32*z. What is the thousands digit of z?
1
Suppose -21*i = -18*i - 363. What is the hundreds digit of i?
1
Let j be -124*(2 + 3 + -6). Let x = j + -55. What is the units digit of x?
9
Let r be (30/20)/(1/(-12)). Let a = r - -22. What is the units digit of a?
4
Let c(t) = 14 + 17*t - 3*t**2 + 4*t**2 + 0*t**2 - 18*t. What is the tens digit of c(0)?
1
Suppose 101*d - 40*d = 28365. What is the hundreds digit of d?
4
Let u be (18/(-27))/(1/3). What is the units digit of -2 + (3 - (-2 - u))?
1
Let c = 1911 - 219. What is the hundreds digit of c?
6
Let c be ((-270)/(-10))/(6/28). Suppose 4*h + c = 7*h. What is the units digit of h?
2
Let f(c) = -3*c + 5*c + 2*c**2 + 0*c + c. What is the units digit of f(-6)?
4
Suppose -4*d + 1588 = 3*a, -1990 = 3*d - 8*d - 5*a. What is the units digit of d?
4
Let d(u) = -74*u**2 + 1 - 1 + 75*u**2 - u - 1. What is the tens digit of d(-5)?
2
Let r(l) = -20*l**3 - 5*l**2 - 6*l - 9. What is the tens digit of r(-2)?
4
Let l be 1/(-1 - 3162/(-3156)). Let t = l - 208. What is the hundreds digit of t?
3
What is the tens digit of ((-50)/(-8))/(33/3960)?
5
Suppose 22*k - 9*k = 15691. What is the thousands digit of k?
1
Suppose 0 = 4*m - r - 2895, -3600 = -2*m - 3*m - 5*r. What is the hundreds digit of m?
7
Let t(v) = -19*v - 7. Let b(h) = -h**3 - 6*h**2 + 8*h + 2. Let k be b(-7). Let j be t(k). Suppose n + 3*n - j = 0. What is the units digit of n?
2
Let k(d) = d**2 - 3*d + 1. Let i be k(4). Suppose i*m = 18 + 62. Let z = -4 + m. What is the tens digit of z?
1
Suppose -5 = -4*f + 15. Suppose v - 7 = -3*w, -5*w + 13 = f*v - 2. What is the tens digit of w/7 - 276/(-14)?
2
Let s = -11 + 12. What is the tens digit of (-122)/(-4)*(s - -1)?
6
Let m(j) be the second derivative of j**3/6 - 3*j**2/2 + 4*j. What is the units digit of m(8)?
5
Let a(i) be the second derivative of 2*i**3 - 7*i. What is the units digit of a(1)?
2
Suppose 0 = 5*d - 30 + 10. Suppose -d*c = 4*o - 180, -2*o + 9 = -2*c - 89. What is the tens digit of o?
4
Let i(c) = -c - 29. Let a be i(0). Let l = a + 13. What is the units digit of (-1)/(-2)*l/(-4)?
2
Suppose 5*y = -a - 13, -5*a = -2*a + 5*y - 11. Suppose a = 3*d - 0. Suppose 2*o = d*o - 34. What is the units digit of o?
7
Let p(c) = -c - 2. Let f be p(-1). Let i be (f - -1)*5/10. Let t(m) = m + 18. What is the units digit of t(i)?
8
Suppose -u = x - 0*u - 18, -4*x - 5*u = -77. Let k = 20 + x. What is the tens digit of k?
3
Let l be 2/7 - (-1116)/63. Let u = -10 + l. Suppose w + 4*y = y + u, 0 = 5*w - 3*y - 76. What is the tens digit of w?
1
Let h = -23 + 26. Suppose -h*p - 3*r + 140 = p, -140 = -4*p - 5*r. Let j = p - 13. What is the units digit of j?
2
Suppose t + 13 = -5*a - 29, -4*t - 4*a - 104 = 0. Let m = t - -90. What is the tens digit of m?
6
Suppose -2*w = -w + 2. What is the tens digit of (w/(-6))/(-1)*-51?
1
Suppose 0 = 4*u + n - 720, 5*n + 700 = 4*u + n. Suppose z + 4*o = 6*z - 245, 4*o = -3*z + u. What is the units digit of z?
3
Let s = -16 + 19. Suppose -2*z + y + 95 = 0, z - 2*z + s*y = -40. What is the units digit of z?
9
Let q be ((-4)/(-1) - -1)*33. Suppose -q + 25 = 5*t. What is the units digit of (-264)/t*(11 + -4)?
6
Let d be ((21 + -1)/(-1))/(-1). Suppose -4*j = -0 + d. Let s = j + 36. What is the units digit of s?
1
Suppose 16*g + 5 = 11*g. What is the tens digit of g/(7/3) - (-5650)/35?
6
Suppose 5*l + 240 = x, 2*l + 1055 = 4*x + l. Suppose 5*g + c = -4*c + 295, 5*g - 5*c - x = 0. What is the tens digit of 3800/g - 1/(-7)?
6
Let s = -2230 - -3816. What is the units digit of s?
6
Suppose 8*g - 553 = 319. What is the tens digit of g?
0
What is the units digit of 20726/14 - ((-548)/28 + 20)?
0
Suppose 5*r - 2*l - 181 = 0, -l + 3 = 1. Let n = r + 54. Let v = 146 - n. What is the tens digit of v?
5
Let r be (6/(-9))/((-7)/(-63)). Let v(x) = -x**2 - 5*x + 3. Let k be v(r). What is the tens digit of (2/k)/(22/(-627))?
1
Suppose 4*m = -2*h + 7*h + 1012, 2*h = 3*m - 752. Let v = m + 37. What is the tens digit of v?
8
Suppose -2*w - 4*j + 1180 = -0*w, -5*j + 584 = w. What is the units digit of w?
4
Suppose 3*s + 0 = 9, 11 = 4*n - 3*s. What is the tens digit of 490/12 - n/(-30)?
4
Let f be 7/21 + 64/6. Suppose 8*h = f*h - 15. Suppose -2*x - 4*r = -66, 0*x = -2*x - h*r + 70. What is the tens digit of x?
2
Suppose 0 = 3*v + 6*v - 117. What is the tens digit of v/((-4)/28*-1)?
9
Let f = -387 - -514. What is the tens digit of f?
2
Suppose -496*d + 505*d - 13221 = 0. What is the tens digit of d?
6
Suppose 0 = -23*w + 32285 + 13439. What is the tens digit of w?
8
Suppose 2869 = k + 618. What is the units digit of k?
1
Suppose -8*y - 428 = -3*a - 13*y, -4*y = -a + 137. What is the units digit of a?
1
Let n = -108 + 109. Let w(v) = -v**3 - 5*v**2 - 5*v - 3. Let s be w(-3). Let u = n - s. What is the units digit of u?
7
Let y(d) = d**2 + 7*d + 8. Let m be y(-6). Let x be 0/((-6)/m + 2). What is the tens digit of x + 0 + (7 - -9)?
1
Let n(k) = 28*k + 352. What is the units digit of n(25)?
2
Let l = -4571 + 8838. What is the hundreds digit of l?
2
Let a(j) = j**2 + 4. Let x be a(0). Suppose -1166 = -x*r + 3*o, -o + 1467 = 5*r - 0*r. What is the units digit of r?
3
Let q(j) = -j**2 - 13*j - 32. Let w be q(-9). Suppose 292 = 5*g + 3*f, -5*g + f + w*f + 260 = 0. What is the tens digit of g?
5
Suppose 2*z - 880 = 3*c + 672, -4*c = 2*z - 1566. What is the units digit of z?
9
Let i(p) = 2*p**2 + 4*p - 21. What is the tens digit of i(9)?
7
Suppose -2*r + n = -3, -12 = -5*r - n - 1. Suppose 2*c + t = -c + 239, -166 = -r*c - 2*t. Suppose -2*f - c = -4*f. What is the units digit of f?
9
Let i(z) = -5*z + 34. Let r be i(5). Suppose 2*c - r = 225. What is the hundreds digit of c?
1
Suppose -252 - 3750 = -29*l. What is the units digit of l?
8
Let i(g) = g**3 - 3